 459. Determine a(u).
-2
Let q(b) = b**2 - 4*b + 6. Let w(f) = 8*f - 24 - 4*f - f**3 + 23 - 4*f**2 + 0*f. Let h be w(-5). Determine q(h).
6
Suppose -h - 571 = -4*y, -2940 = 8*h - 3*h - 3*y. Let z = 588 + h. Let x(f) = 4*f - 1. Determine x(z).
-13
Let y(t) = -t - 14. Let o(l) = -4*l - 8. Let q be o(-5). Suppose -q*p = 24 - 0. Let v be ((-4)/p)/(-2) + 1. Calculate y(v).
-14
Let a(u) = u**3 - 2*u**2 + 4*u - 1. Suppose 2*g - 3 = q, 104*g - 109*g + 15 = 5*q. What is a(g)?
7
Let s(j) be the first derivative of -j**3/3 + 4*j**2 + 3*j - 16. Let m = 45 + -49. Let n be 1/m*(-4 + 9)*-4. Determine s(n).
18
Let n be (-41 + 20 - -1) + 26. Let m(g) = g**2 - 14*g + 1. Determine m(n).
-47
Suppose 6*w - 2 = 10. Let x(v) = -5*v + 12. Let h be x(w). Suppose -5*l + 10 = -4*d, -1 = -h*l - d + 2*d. Let f(g) = 5*g + 3. Calculate f(l).
-7
Let k(b) = -b**3 + 9*b**2 + 2*b - 12. Let s = -112 - -111. Let n be (10 - (s + (-4)/2)) + -4. What is k(n)?
6
Let s be 3 + 15/(-6) + 5/2. Let j(y) = 5*y**2 + 2. Let g(v) = 12*v**2 + 5. Let w(d) = s*g(d) - 7*j(d). Calculate w(-5).
26
Let n be (3 - 4)*(-9 + 8). Let a(t) = 3*t**2 + t + 1. Determine a(n).
5
Let o(c) = c + 22. Let r be o(-20). Let g(i) = i**3 + 4*i**3 + 6*i**r - 2*i**2 - 4*i**3 + 2*i. What is g(-4)?
-8
Let u = -175 - -175. Let h(y) = -y**3 - y**2 + 10*y + 7. Let g be h(u). Let r(o) = 2*o + 6. What is r(g)?
20
Let x(r) be the second derivative of -4*r**3/3 + 3*r**2/2 + 8120*r. What is x(2)?
-13
Suppose 0 = v + 4*m - 23, -v - 8*m = -5*m - 20. Suppose 52 = -24*i + v*i. Let g(o) = 5*o + 2. Determine g(i).
-18
Let y be 1/5*43 - 58/(-145). Suppose 5*m - u = y, -4*m + 5*u + 1 = -2. Let p(z) = -3 - 4*z - 3*z + 6*z + 2*z**m + z**3. Give p(-3).
-9
Suppose 45 = 5*h + 5*t, 0 = -9*h + 4*h + 3*t + 5. Let i(y) = 11*y + 8 - 6*y - h*y. Let m be (9/(-27))/((-1)/2)*9. Determine i(m).
14
Let m(i) = -i**2 + 7*i + 8. Let r be m(8). Suppose d - 6*j = -j, 3*d - 3*j = r. Let p(l) = -5*l + 3*l - 3 - 3 + l. Calculate p(d).
-6
Let r(c) be the third derivative of 0 - 1/6*c**3 + 3/8*c**4 + 0*c - 1/60*c**5 + 13*c**2. Determine r(9).
-1
Suppose 0 = -37704*z + 37702*z - 24. Let l(d) = 6*d**2 + 74*d + 18. What is l(z)?
-6
Let d(a) = -a**3 - a**2 - 7. Let z(g) = -g**3 + g + 5. Let n be z(0). Let p(s) = -s**3 - s - 8. Let u(b) = n*d(b) - 4*p(b). Calculate u(-5).
-23
Let s(i) be the first derivative of -3*i**2/2 + 52*i - 282. Let r be s(14). Let d(v) = 6*v - 11. Determine d(r).
49
Let t(q) be the first derivative of -1/4*q**4 + 8*q - 7/2*q**2 + 7/3*q**3 + 72. Calculate t(6).
2
Let w(g) = g**2 - 14*g + 5. Let i be w(13). Let y(r) = -7 - 3*r + 10 + r**3 + 9*r**2 + 13*r. Calculate y(i).
-13
Suppose -281*i + 393*i = -1008. Let n(m) = -m**2 - 10*m - 13. What is n(i)?
-4
Let j = -3131 + 3124. Suppose 0 = -2*t + 2*h + 8, -h = -3*h. Let l(o) = o + 11 - t + 10. Determine l(j).
10
Let z(m) = -5*m + 66. Let y(k) = k**3 + 11*k**2 + 14. Let a be y(-11). Calculate z(a).
-4
Let f(l) be the third derivative of -3*l**4/8 - 5*l**3/6 + 28*l**2 + 9*l. What is f(-4)?
31
Suppose 91*w + 13323 = 13505. Let r(b) = -1 + 2*b + 2 - 5*b. What is r(w)?
-5
Suppose 2*y + 21 = a, 2*a - 4*y - 111 = -3*a. Suppose 2*s - h - 2 = 0, s - 3*h - a = -12. Let v(t) = -4*t + 1. Give v(s).
5
Let z(w) = -36*w - 30*w - 35*w + 127*w - 102 - 35*w. Calculate z(-11).
-3
Let t(n) be the first derivative of n**4/4 - 5*n**3 - 33*n**2/2 + 20*n - 3472. Determine t(17).
37
Let o(s) = s**3 - 4*s**2 - 33*s + 6. Suppose -i + 10 + 2 = 2*x, x + i = 4. What is o(x)?
-2
Suppose 2*a = -3*o + 28, 0 = a - 0 - 5. Let w(y) = 2*y + o - 2 - 4*y + y. Suppose 2*d + 10 = s, 42*s = 39*s + 4*d + 16. What is w(s)?
8
Let m(c) be the second derivative of -3/2*c**2 + 0 + 1/3*c**3 - 1/10*c**5 + 17*c + 1/12*c**4. What is m(2)?
-11
Let r(a) = -a + 15 - 5*a + 2*a + 0*a - 11*a + a**2. Calculate r(12).
-21
Let u(r) = -2*r**2 + 3. Let m(j) = j**3 - 23*j**2 - 47*j - 43. Let z be m(25). Suppose 34 + z = 22*c. Determine u(c).
-15
Let z = 21015 + -21034. Let m(v) = 2*v + 20. Calculate m(z).
-18
Let m(z) = -z**2 - 9. Let g(s) = 12*s**2 - 5*s + 21. Let x(v) = -7*v**2 + 3*v - 11. Let a(h) = -3*g(h) - 5*x(h). Let p(n) = 7*a(n) - 6*m(n). Determine p(-4).
-18
Suppose 9*d = -30*d + d. Let r(n) = -n**2 + 2*n + 72. Give r(d).
72
Let n(a) = -19*a**2 - 12. Let u(w) be the second derivative of -w**4/4 - w**2/2 + 84*w. Let v(o) = n(o) - 6*u(o). Give v(0).
-6
Let m(i) be the second derivative of i**3/6 - 9*i**2/2 - i. Let a(c) = -17*c - 12. Let n be a(-2). Suppose n*k - 124 = -9*k. What is m(k)?
-5
Let u be ((24/(-9))/(-4))/(4/(-36)). Let i be (-112)/(-24) + 4/u. Let m(j) = -j**3 + 4*j**2 - 4*j + 5. Give m(i).
-11
Let l(w) be the first derivative of -w**3/3 - 3*w**2/2 + 2*w + 873. Give l(-2).
4
Let q(w) = -7 + 5*w**2 + 3*w**2 + 77*w + 11 + 3 - 24*w**2. What is q(5)?
-8
Let g(l) = -87*l**3 - 2*l**2 + 3*l - 2. Suppose -33*h = -7*h + 6*h - 32. What is g(h)?
-88
Suppose 2*y + 23 = 5*l, l - 11*y - 7 = -10*y. Let t(r) = -3*r**2 + 5*r. Give t(l).
-12
Let n(m) = -2*m - 8. Suppose -54 - 21 = 5*b. Let z be 75/(-12) - b/(-20). What is n(z)?
6
Let d be -1 + (-3)/(9/(-3)). Let s be (2/4)/(11/242). Suppose p - s*p = d. Let h(y) = -y**3 - y**2 - 7. Calculate h(p).
-7
Let k = 19373 - 19371. Let g(c) be the second derivative of 0 - 1/2*c**k - 3*c + 1/3*c**3. Determine g(-7).
-15
Let x(v) be the third derivative of v**4/12 + 19*v**3/6 - v**2 - 1673*v. Determine x(-14).
-9
Suppose 0 = -11*i + 10*i + 3. Let x(m) be the third derivative of -m**6/120 + m**5/20 - m**3/3 - 2*m**2 - 316*m - 1. Determine x(i).
-2
Suppose 8 = -2*m - 8. Let o be (-99 + 3)*2/m*-3. Let u = 79 + o. Let h(i) = -i**3 + 6*i**2 + 4*i + 7. What is h(u)?
-14
Let s(m) = m + 9. Suppose 0 = 3*x + 5*t - 158, 0 = -18*x + 15*x + 4*t + 176. Suppose -x = -74*d + 81*d. Give s(d).
1
Let t = 235 - 233. Let o(m) = -m - 17*m**t + 5*m**3 - 13*m**2 - 4*m**3 + 30*m**2. Determine o(-2).
-6
Let x(k) = k**2 + 11*k + 30. Suppose -87*d - 853 = 87*d + 713. Give x(d).
12
Let q be (3/(-15)*-5)/(2/8). Let x(l) = q*l**2 - 3 + 0 - 6*l + 0*l**2 - 6*l**2. What is x(-4)?
-11
Suppose -2*l = 2*w - 14, 0 = l - 2*l + 3*w - 5. Let v(o) = 2*o - 80*o**2 + 26*o**2 + 23*o**2 + 29*o**2. Determine v(l).
-24
Suppose v = 4*x - 11, 3*x - 2*x + 1 = v. Let j(p) = -2*p + 0 + 21*p**3 + 4 + 22*p**3 - 44*p**3 + 4*p**2. Give j(x).
-4
Suppose -2*l = 5*i + 64, i = -2*l - 2*l - 128. Let v = l + 30. Let c(r) = r**2 + r - 2. Determine c(v).
0
Suppose -j = -5*j. Let m(b) be the third derivative of -80*b**2 - 1/24*b**4 - b**3 + 0*b + 1/60*b**5 + 0. What is m(j)?
-6
Let k(r) = 12*r**2 + r - 2. Let c = -1142 - -1143. Determine k(c).
11
Let a(s) = 2 + 244*s - 242*s - 2 + 7. Let w(m) = -1. Let x(q) = a(q) - 5*w(q). Give x(9).
30
Let q(o) = 3*o**2 - 12*o - 43. Let m be q(7). Let h(z) = -26 + 5*z**2 - 2*z + m + 4. Determine h(2).
14
Suppose 0 = 42*u - 48*u - 12. Let n be 19 - 16 - u*(-3)/(-2). Let k(z) = z**2 - 7*z + 10. What is k(n)?
4
Let k(w) be the third derivative of -w**8/6720 - w**7/840 + w**6/360 - 31*w**4/24 + w**3/3 - 107*w**2. Let p(l) be the second derivative of k(l). Give p(2).
-16
Let z(q) be the first derivative of -q**4/24 - q**3/2 - 50*q**2 + 2*q + 147. Let d(h) be the second derivative of z(h). What is d(-3)?
0
Let s(u) = -u**2 - u - 2. Let a be (21/6 + -4)*-10. Suppose 7*t - 8*t + m = -2, -a*t + m - 6 = 0. Give s(t).
-4
Let x = -171 - -173. Suppose 0 = x*j - 4*z + 28, 17 = -3*j + 7*z - 6*z. Let v(y) = -y**2 - 5*y - 4. What is v(j)?
0
Let a(x) = 636*x - 3208. Let v be a(5). Let y(g) = -g**2 - 27*g - 5. Give y(v).
-33
Let j(x) be the first derivative of -x**4/4 + 2*x**3/3 + x**2 + 2*x + 25. Let m be j(0). Let c(t) = 100 + 4*t**2 - t**m + t**3 - 97 - 2*t**2. What is c(-3)?
-15
Let u(r) = -2*r - 32. Let y(z) be the first derivative of -z**4/4 + 8*z**3/3 - 13*z + 39. Let n be y(8). What is u(n)?
-6
Let o(p) = 402 - p**2 - 30*p - 105 - 152 - 78. Give o(-32).
3
Let a(q) = -q**2 + 5*q + 2. Let s be (-6)/(-60)*36 - 6/10. Let y(n) = 12 - 2*n**3 - 6*n**s - n + 9*n**3 - 8*n**2. Let j be y(8). Calculate a(j).
6
Let f be ((-905)/(-9955))/(1/11). Let r(t) = 50*t - 60. Calculate r(f).
-10
Let p(r) be the first derivative of r**6/360 + r**5/60 + r**4/12 + 8*r**3/3 + 9. Let u(m) be the third derivative of p(m). Give u(-3).
5
Let v(a) = a**2 + 5*a - 3. Let n be (-4)/28 + 